73861
List the prime factors of 459000424.
2, 57375053
What are the prime factors of 2304635682?
2, 3, 359, 1069933
What are the prime factors of 69948179?
7, 9992597
What are the prime factors of 1415593684?
2, 103, 3435907
What are the prime factors of 31345365?
3, 5, 17, 83, 1481
List the prime factors of 304728720.
2, 3, 5, 1269703
List the prime factors of 1648895451.
3, 7, 3967, 19793
List the prime factors of 25818919.
7, 67, 55051
List the prime factors of 59407299.
3, 7, 17, 55469
What are the prime factors of 132420738?
2, 3, 2719, 8117
What are the prime factors of 3586532218?
2, 43, 79, 527897
What are the prime factors of 47528979?
3, 37, 353, 1213
List the prime factors of 38874928.
2, 167, 14549
List the prime factors of 103968390.
2, 3, 5, 101, 34313
What are the prime factors of 2253069136?
2, 140816821
What are the prime factors of 24604999?
24604999
What are the prime factors of 196689769?
211, 349, 2671
What are the prime factors of 2385869911?
773, 3086507
List the prime factors of 12861052.
2, 37, 67, 1297
What are the prime factors of 57775081?
7, 13, 634891
List the prime factors of 1265169971.
13, 17, 37, 154723
List the prime factors of 121195936.
2, 83, 45631
What are the prime factors of 2777476721?
881, 3152641
List the prime factors of 255424234.
2, 13, 67, 11279
List the prime factors of 12736098.
2, 3, 707561
List the prime factors of 293168985.
3, 5, 19544599
What are the prime factors of 832491998?
2, 13, 1423, 22501
What are the prime factors of 55325683?
7, 7903669
What are the prime factors of 75907483?
139, 546097
List the prime factors of 678122731.
11, 13, 23, 206179
List the prime factors of 151596560.
2, 5, 277, 6841
List the prime factors of 16170155.
5, 3234031
What are the prime factors of 47146440?
2, 3, 5, 11, 17, 191
List the prime factors of 2418971930.
2, 5, 1423, 169991
What are the prime factors of 170903030?
2, 5, 17090303
List the prime factors of 20582818.
2, 17, 79, 97
List the prime factors of 633692927.
7, 379, 238859
List the prime factors of 197351359.
89, 181, 12251
List the prime factors of 887676394.
2, 11, 179, 431, 523
What are the prime factors of 30736706?
2, 7, 11, 13, 1181
List the prime factors of 3047451389.
35081, 86869
What are the prime factors of 3256061682?
2, 3, 542676947
List the prime factors of 538023770.
2, 5, 53802377
List the prime factors of 119406600.
2, 3, 5, 66337
What are the prime factors of 52565154?
2, 3, 307, 28537
What are the prime factors of 74172600?
2, 3, 5, 89, 463
What are the prime factors of 3093542209?
19, 41, 47, 4447
List the prime factors of 390677703.
3, 13, 179, 191, 293
What are the prime factors of 2936204072?
2, 367025509
What are the prime factors of 13877343?
3, 139, 11093
List the prime factors of 27736446.
2, 3, 4622741
What are the prime factors of 329300682?
2, 3, 103, 532849
List the prime factors of 43698912.
2, 3, 179, 2543
List the prime factors of 258222372.
2, 3, 21518531
List the prime factors of 35434332.
2, 3, 41, 24007
List the prime factors of 94672291.
7, 97, 139429
List the prime factors of 92341912.
2, 13, 887903
List the prime factors of 666807465.
3, 5, 44453831
What are the prime factors of 2539459687?
19, 73, 1830901
What are the prime factors of 45027149?
43, 67, 15629
What are the prime factors of 884780058?
2, 3, 6379, 23117
List the prime factors of 118554725.
5, 4742189
List the prime factors of 3033255718.
2, 79, 3019, 6359
What are the prime factors of 5572248266?
2, 13, 214317241
What are the prime factors of 1724521817?
17497, 98561
List the prime factors of 705947451.
3, 11, 19, 1125913
List the prime factors of 915986657.
263, 347, 10037
List the prime factors of 48436719.
3, 19, 849767
What are the prime factors of 263884885?
5, 11, 79, 60733
What are the prime factors of 41250058?
2, 17, 103, 11779
List the prime factors of 11433882.
2, 3, 109, 17483
List the prime factors of 377109254.
2, 37, 191, 26681
List the prime factors of 8370909062.
2, 89, 137, 343267
List the prime factors of 7414527.
3, 223, 11083
What are the prime factors of 63021711?
3, 2459, 8543
List the prime factors of 2710278036.
2, 3, 101, 419, 593
List the prime factors of 48820559.
23, 2122633
What are the prime factors of 2882943?
3, 7, 67, 683
What are the prime factors of 3032648756?
2, 758162189
What are the prime factors of 85969892?
2, 2657, 8089
What are the prime factors of 59414948?
2, 113, 131449
What are the prime factors of 226494633?
3, 83, 223, 4079
List the prime factors of 566226657.
3, 19, 587, 5641
List the prime factors of 1570731797.
53, 29636449
List the prime factors of 153598721.
83, 1850587
List the prime factors of 245999801.
3821, 64381
List the prime factors of 342658034.
2, 171329017
What are the prime factors of 190550220?
2, 3, 5, 7, 47, 197
What are the prime factors of 79063359?
3, 26354453
List the prime factors of 833134074.
2, 3, 138855679
What are the prime factors of 80310485?
5, 89, 180473
List the prime factors of 361363515.
3, 5, 24090901
What are the prime factors of 375315077?
2879, 130363
List the prime factors of 3890720828.
2, 97, 10027631
List the prime factors of 616992788.
2, 73, 2112989
What are the prime factors of 56404617?
3, 18801539
List the prime factors of 51146626.
2, 25573313
What are the prime factors of 2686508113?
17, 73, 317, 6829
List the prime factors of 32423478.
2, 3, 1229, 4397
What are the prime factors of 39097874?
2, 19548937
What are the prime factors of 1430807769?
3, 53, 2999597
What are the prime factors of 73821742?
2, 4079, 9049
What are the prime factors of 365588866?
2, 182794433
What are the prime factors of 1957550953?
23, 29, 2934859
What are the prime factors of 1933504907?
29, 149, 447467
List the prime factors of 72100745.
5, 23, 626963
List the prime factors of 154042630.
2, 5, 7, 2200609
List the prime factors of 25540955.
5, 11, 464381
What are the prime factors of 2095601180?
2, 5, 104780059
List the prime factors of 97450806.
2, 3, 16241801
List the prime factors of 244261219.
17, 23, 624709
What are the prime factors of 224954691?
3, 13, 5768069
What are the prime factors of 51863604?
2, 3, 13, 311, 1069
What are the prime factors of 4272836213?
19483, 219311
What are the prime factors of 48261637?
31, 173, 8999
List the prime factors of 236394734.
2, 53, 2230139
List the prime factors of 1847034054.
2, 3, 17, 179, 33721
List the prime factors of 5235375863.
7481, 699823
What are the prime factors of 351183625?
5, 13, 216113
What are the prime factors of 145502676?
2, 3, 11, 122477
List the prime factors of 508798620.
2, 3, 5, 11, 29, 8861
What are the prime factors of 2581092138?
2, 3, 47, 9152809
List the prime factors of 55911525.
3, 5, 151, 4937
What are the prime factors of 49282326?
2, 3, 89, 30763
List the prime factors of 18230790.
2, 3, 5, 31, 19603
List the prime factors of 568225935.
3, 5, 17, 82531
List the prime factors of 1456655397.
3, 485551799
List the prime factors of 26204987.
449, 58363
What are the prime factors of 4085916606?
2, 3, 226995367
List the prime factors of 55731473.
7, 283, 4019
List the prime factors of 2343225946.
2, 59, 127, 156361
List the prime factors of 62664266.
2, 7, 4476019
List the prime factors of 699263802.
2, 3, 19, 23, 88897
What are the prime factors of 2836278215?
5, 17, 47, 709957
List the prime factors of 3465044607.
3, 193, 5984533
What are the prime factors of 76067220?
2, 3, 5, 1267787
What are the prime factors of 79702680?
2, 3, 5, 809, 821
What are the prime factors of 1162019982?
2, 3, 193669997
List the prime factors of 144269667.
3, 17, 6163
What are the prime factors of 44566633?
44566633
What are the prime factors of 226521857?
19, 83, 379
List the prime factors of 56887149.
3, 11, 1723853
List the prime factors of 505176553.
7, 3023, 23873
What are the prime factors of 4192305288?
2, 3, 174679387
What are the prime factors of 292462725?
3, 5, 19, 205237
List the prime factors of 276181141.
276181141
List the prime factors of 1705498570.
2, 5, 170549857
List the prime factors of 1759521486.
2, 3, 19, 15434399
List the prime factors of 705150735.
3, 5, 17, 2765297
List the prime factors of 136241849.
2281, 59729
List the prime factors of 802570939.
89, 9017651
List the prim